= h. What is o(-8)?
-8
Let x(r) = -r**3 + 14*r**2 + 11*r - 11. What is x(15)?
-71
Let g(u) = 2*u**2 + 2*u. Determine g(2).
12
Let r(q) = -q**3 - 9*q**2 - q - 10. What is r(-9)?
-1
Let v(h) = h**3 + h**2 - h - 22. Determine v(0).
-22
Let y(l) = -l**2 + 14*l + 48. What is y(17)?
-3
Let f(o) = -o**2 - 6*o + 9. What is f(-8)?
-7
Let y(t) = -t**3 + 7*t**2 + 31*t + 15. Calculate y(10).
25
Let l(s) = -9*s + 42. Calculate l(4).
6
Let k(p) = p**3 - 10*p**2 + 8*p - 6. Determine k(8).
-70
Let z(f) = 2*f**3 + 30*f**2 + 2*f + 17. Give z(-15).
-13
Let o(p) = p**2 - 21*p - 26. Calculate o(22).
-4
Let c(i) = i**2 - 16*i - 41. What is c(16)?
-41
Let t(p) = 2*p - 9. Give t(9).
9
Let g(x) = 42*x**3 - 2*x**2 + x. Determine g(1).
41
Let m(r) = r**2 - 32*r + 263. What is m(20)?
23
Let d(a) = -2*a**2 - 18*a + 13. Calculate d(-10).
-7
Let u(x) = x**3 + 16*x**2 + 3*x + 45. Determine u(-16).
-3
Let b(c) = -29*c**2 + 32*c + 1. Calculate b(1).
4
Let r(b) = b**3 + 6*b**2 - 7*b - 29. What is r(-5)?
31
Let p(i) = i**2 - i + 38. Calculate p(0).
38
Let d(r) = 12*r - 78. Calculate d(6).
-6
Let w(s) = 2*s**3 - 19*s**2 - 10. What is w(9)?
-91
Let y(s) = s**2 - 37. Give y(0).
-37
Let d(i) = -5*i + 48. Determine d(-6).
78
Let w(d) = d**2 - 8*d + 14. Calculate w(3).
-1
Let j(v) = 31*v - 657. Determine j(21).
-6
Let j(h) = h**2 + 20*h + 32. Calculate j(-18).
-4
Let h(x) = 11*x - 1. What is h(-1)?
-12
Let b(l) = l**2 + 18*l - 96. Calculate b(-22).
-8
Let s(k) = -2*k - 30. Determine s(-21).
12
Let u(k) = k**3 + 2*k**2 + k - 1. Determine u(0).
-1
Let r(d) = -d**3 + d**2 - 2*d - 3. What is r(2)?
-11
Let j(b) = -2*b + 36. What is j(14)?
8
Let r(o) = -2*o**2 + 14*o + 11. Give r(8).
-5
Let y(m) = -3*m + 1. What is y(-2)?
7
Let i(b) = 5*b + 21. Calculate i(-7).
-14
Let n(r) = -r**2 - 9*r - 3. What is n(-7)?
11
Let o(v) = -v**3 + 13*v**2 - 14*v + 19. Calculate o(12).
-5
Let o(r) = -23*r - 1. Give o(2).
-47
Let s(l) = -l**2 + 4*l - 6. Give s(3).
-3
Let h(m) = -m**3 + 5*m**2 - 5*m + 1. Calculate h(3).
4
Let h(d) = -d**3 - 10*d**2 + 5. Give h(-10).
5
Let d(k) = -k**3 - 2*k**2 - 2*k + 1. What is d(-2)?
5
Let r(g) = g**2 + 8*g - 20. Determine r(-11).
13
Let z(l) = 2*l**2 - 32*l - 38. What is z(17)?
-4
Let o(i) = i**3 - 8*i**2 + 13*i - 9. Give o(6).
-3
Let h(p) = -p**3 + 12*p**2 - 11*p - 13. Give h(11).
-13
Let r(j) = 18*j - 15. Determine r(-6).
-123
Let u(y) = -y**2 + y + 10. Calculate u(-5).
-20
Let i(v) = -15*v - 194. What is i(-14)?
16
Let q(p) = 12*p - 20. Give q(1).
-8
Let p(u) = u**2 - 6*u - 41. Determine p(10).
-1
Let i(p) = -14*p**2 - 2*p. Calculate i(2).
-60
Let w(g) = 2*g - 24. What is w(20)?
16
Let c(n) = -11*n + 118. Determine c(10).
8
Let w(n) = n - 3. What is w(-1)?
-4
Let o(b) = -3*b - 1. Determine o(-5).
14
Let u(w) = 10*w. Determine u(-5).
-50
Let v(j) = -2*j**2 + 7*j + 39. Determine v(8).
-33
Let n(y) = y**3 + 7*y**2 + 4. Determine n(-7).
4
Let n(s) = -4*s + 99. What is n(21)?
15
Let k(t) = 12*t**3 + 1. Calculate k(1).
13
Let z(i) = i**2 + 11*i - 22. Calculate z(-13).
4
Let m(q) = 2*q**2 - 12*q + 12. What is m(5)?
2
Let s(l) = l**3 + 11*l**2 + 3*l + 2. Calculate s(-11).
-31
Let t(s) = s**2 - 9*s - 2. Calculate t(7).
-16
Let n(u) = u**3 + 9*u**2 - 13*u - 27. What is n(-10)?
3
Let y(n) = n**2 - 16*n - 10. Calculate y(16).
-10
Let h(y) = y**2 - 11. Determine h(4).
5
Let i(g) = 3*g - 54. Give i(15).
-9
Let f(p) = p**3 - 4*p**2 - 2*p. Give f(-1).
-3
Let x(n) = 26*n - 1. What is x(-1)?
-27
Let b(q) = -18*q**3 + 2*q + 1. What is b(-1)?
17
Let q(y) = -y**2 - 3*y + 1. Give q(-3).
1
Let y(z) = 45*z - 75. Calculate y(6).
195
Let p(h) = -2*h + 12. Calculate p(-5).
22
Let x(i) = -4*i**2 + 4*i + 2. Calculate x(-3).
-46
Let a(u) = -249*u - 1249. What is a(-5)?
-4
Let a(h) = -6*h - 102. Calculate a(-15).
-12
Let s(d) = 7*d**2 + 43*d - 10. Give s(-7).
32
Let f(u) = 2*u**3 + 113*u**2 - 56*u + 50. Calculate f(-57).
-7
Let y(z) = -z**2 + 17*z - 26. Calculate y(16).
-10
Let r(i) = 5*i - 41. What is r(10)?
9
Let j(w) = -w**2 + 18*w - 13. Determine j(9).
68
Let u(v) = -9*v - 7. Give u(3).
-34
Let k(j) = -13*j**3 - 2*j**2 - j. Calculate k(-1).
12
Let r(p) = -p**2 - 10*p - 5. Give r(-9).
4
Let f(q) = -3*q**3 - q**2 - q + 9. Give f(-3).
84
Let i(k) = -k**2 - 32*k + 195. Determine i(-37).
10
Let t(m) = 10*m - 3. Give t(-1).
-13
Let l(h) = -h**3 - h**2 + 4*h + 3. Give l(3).
-21
Let f(w) = -w - 7. Calculate f(-7).
0
Let b(p) = -2*p**2 + 33*p - 30. What is b(15)?
15
Let v(w) = w + 1. Calculate v(5).
6
Let j(d) = d**3 - 2*d**2 + d + 4. Give j(2).
6
Let s(g) = g + 20. Determine s(-17).
3
Let g(t) = 12*t - 28. Determine g(3).
8
Let o(r) = 7*r + 170. Determine o(-31).
-47
Let k(h) = -3*h + 44. Calculate k(0).
44
Let b(a) = -a + 4. What is b(2)?
2
Let w(x) = -x**3 - 19*x**2 - 17*x - 4. Calculate w(-18).
-22
Let f(v) = -v**2 - v. Give f(2).
-6
Let a(n) = n**2 - 23*n - 134. Give a(28).
6
Let t(a) = -23*a - 126. Calculate t(-6).
12
Let c(t) = t**2 + 34*t + 194. Give c(-7).
5
Let u(k) = -k**3 + 22*k**2 - 40*k + 32. Give u(20).
32
Let k(y) = 2*y**2 + 5*y - 18. Calculate k(-4).
-6
Let n(f) = f**2 + 11*f + 12. Calculate n(-7).
-16
Let o(u) = -3*u**2 - 38*u + 5. Calculate o(-13).
-8
Let m(k) = 4*k + 17. Give m(-10).
-23
Let m(d) = -d**3 + 5*d**2 + 8*d - 2. Give m(6).
10
Let n(v) = -v**3 - 27*v**2 + 28*v + 3. Calculate n(-28).
3
Let r(b) = 9*b - 282. Calculate r(30).
-12
Let g(w) = -8*w - 14. What is g(-7)?
42
Let y(x) = 2*x**3 + 10*x**2 - 8*x + 15. Determine y(-6).
-9
Let c(a) = a**3 + 5*a**2 + 3*a + 2. What is c(-4)?
6
Let j(z) = z + 5. Give j(-11).
-6
Let y(b) = -b**2 - 21*b + 9. What is y(-24)?
-63
Let m(r) = r**3 + 8*r**2 - 8*r + 11. Determine m(-9).
2
Let n(z) = z**2 - 11*z + 9. Give n(12).
21
Let f(z) = -3*z - 68. Give f(0).
-68
Let l(b) = -5*b + 217. Calculate l(42).
7
Let j(a) = 5*a + 42. Calculate j(-3).
27
Let j(m) = m**3 - 23*m**2 + 9. What is j(23)?
9
Let j(k) = -k**2 - 5*k - 6. Give j(-6).
-12
Let z(c) = -c**3 - 2*c**2 + 5*c - 46. Determine z(-5).
4
Let k(z) = z - 4. Calculate k(0).
-4
Let b(q) = q**2 + 3*q + 2. Calculate b(-5).
12
Let g(c) = 6*c - 6. Give g(6).
30
Let z(q) = -7*q + 1. Determine z(3).
-20
Let g(b) = -b**3 + 3*b**2 + 12*b + 1. Determine g(5).
11
Let q(d) = 4*d - 84. Calculate q(19).
-8
Let f(x) = x**3 - 24*x**2 + 44*x + 23. What is f(22)?
23
Let j(c) = -9*c + 140. Give j(16).
-4
Let n(d) = d**3 - 4*d**2 + d + 1. Determine n(3).
-5
Let r(c) = -2*c**2 + 56*c - 6. Determine r(28).
-6
Let j(r) = 3*r**2 + 18*r + 12. Calculate j(-6).
12
Let m(p) = 2*p - 41. Calculate m(27).
13
Let l(y) = -5*y**3 + y**2 - 3*y - 1. Give l(-2).
49
Let c(s) = s**2 + 5*s - 27. Determine c(-9).
9
Let t(y) = -2*y**3 + 4*y**2 - y + 5. Determine t(3).
-16
Let g(o) = -o**3 + o**2 + o + 49. Calculate g(0).
49
Let n(w) = 2*w - 8. What is n(6)?
4
Let x(g) = -3*g + 8. Determine x(4).
-4
Let s(j) = -j**2 + 8*j + 39. Determine s(10).
19
Let n(t) = 3*t + 7. Give n(-13).
-32
Let w(p) = p**2 + 10*p + 14. What is w(-11)?
25
Let o(s) = -4*s + 20. What is o(4)?
4
Let t(u) = 31*u - 33. Determine t(-5).
-188
Let f(z) = 2*z**2 - 53*z + 28. Determine f(26).
2
Let k(b) = -b**2 + 3*b + 37. Give k(6).
19
Let z(t) = 3*t - 5. What is z(0)?
-5
Let t(b) = 19*b - 4. Give t(4).
72
Let p(c) = c - 13. Calculate p(4).
-9
Let b(c) = -5*c**2 - 5*c - 7. Give b(-3).
-37
Let k(g) = -3*g - 8. Give k(-5).
7
Let q(b) = b**3 - b - 8. Determine q(0).
-8
Let w(y) = y**2 + 12*y - 2. Give w(-12).
-2
Let w(a) = 45*a + 5. Give w(2).
95
Let b(s) = s**3 + s**2 + 64. What is b(0)?
64
Let x(z) = -6*z + 16. Calculate x(3).
-2
Let k(x) = -4*x + 8. Calculate k(4).
-8
Let m(c) = 12*c**2 + 2*c - 1. What is m(2)?
51
Let p(j) = -j**3 - 10*j**2 - 18*j - 15. Calculate p(-8).
1
Let t(a) = -76*a**3 - 2*a**2 + 2*a + 2. What is t(-1)?
74
Let i(a) = a**2 - 32*a - 82. Give i(34).
-14
Let w(a) = 2*a**3 + 42*a**2 + 2*a + 29. Determine w(-21).
-13
Let k(f) = -7*f - 13. Give k(6).
-55
Let n(m) = -2*m**2 + 34*m - 34. What is n(16)?
-2
Let m(s) = 7*s + 5. Calculate m(-4).
-23
Let p(i) = 4*i - 3. Determine p(6).
21
Let o(q) = -q**3 - 6*q**2 + 10*q + 12. What is o(-7)?
-9
Let t(c) = c**3 + 21*c**2 + 18*c - 24. Determine t(-20).
16
Let c(u) = -u**3 + 2*u**2 + 4*u + 1. Give c(3).
4
Let u(i) = 41*i + 1022. What is u(-25)?
-3
Let x(y) = -8*y**3 + 2*y**2 + 2*y. What is x(-2)?
68
Let q(j) = j**